{"id":506,"date":"2017-02-03T11:00:06","date_gmt":"2017-02-03T10:00:06","guid":{"rendered":"https:\/\/bontoux.com\/site2021\/?page_id=506"},"modified":"2018-09-06T12:19:50","modified_gmt":"2018-09-06T10:19:50","slug":"506-2","status":"publish","type":"page","link":"https:\/\/bontoux.com\/site2021\/fr\/506-2\/","title":{"rendered":"Nous rejoindre"},"content":{"rendered":"<p>[vc_row background_image=&#8221;5227&#8243; el_class=&#8221;section-bloc-bontoux section-height-auto&#8221;][vc_column][vc_row_inner][vc_column_inner el_class=&#8221;bloc-bontoux formulaire&#8221; width=&#8221;1\/2&#8243;][vc_column_text el_class=&#8221;picto-bontoux&#8221;]<img loading=\"lazy\" class=\"aligncenter wp-image-355\" src=\"https:\/\/bontoux.com\/site2021\/wp-content\/uploads\/2017\/02\/bon_pictos_B_violet-300x300.png\" width=\"50\" height=\"50\" srcset=\"https:\/\/bontoux.com\/site2021\/wp-content\/uploads\/2017\/02\/bon_pictos_B_violet-300x300.png 300w, https:\/\/bontoux.com\/site2021\/wp-content\/uploads\/2017\/02\/bon_pictos_B_violet-150x150.png 150w, https:\/\/bontoux.com\/site2021\/wp-content\/uploads\/2017\/02\/bon_pictos_B_violet-370x370.png 370w, https:\/\/bontoux.com\/site2021\/wp-content\/uploads\/2017\/02\/bon_pictos_B_violet-360x360.png 360w, https:\/\/bontoux.com\/site2021\/wp-content\/uploads\/2017\/02\/bon_pictos_B_violet-80x80.png 80w, https:\/\/bontoux.com\/site2021\/wp-content\/uploads\/2017\/02\/bon_pictos_B_violet.png 400w\" sizes=\"(max-width: 50px) 100vw, 50px\" \/>[\/vc_column_text]<h4  style='line-height:1;font-weight:0;letter-spacing:0px;text-transform:none;' class='texte-bontoux taille2 fittext text-center clearfix' data-max-font-size='0'>Vous souhaitez rejoindre Bontoux<\/h4>[vc_column_text]Une \u00e9quipe dynamique au service d&#8217;un m\u00e9tier passionnant.<\/p>\n<p><span style=\"font-family: abril-titling; color: #1d70aa;\">\u00c9crivez-nous !<\/span>[\/vc_column_text][vc_empty_space height=&#8221;40px&#8221;]<div role=\"form\" class=\"wpcf7\" id=\"wpcf7-f314-o1\" lang=\"fr-FR\" dir=\"ltr\">\n<div class=\"screen-reader-response\"><\/div>\n<form action=\"\/site2021\/wp-json\/wp\/v2\/pages\/506#wpcf7-f314-o1\" method=\"post\" class=\"wpcf7-form\" novalidate=\"novalidate\">\n<div style=\"display: none;\">\n<input type=\"hidden\" name=\"_wpcf7\" value=\"314\" \/>\n<input type=\"hidden\" name=\"_wpcf7_version\" value=\"5.0.3\" \/>\n<input type=\"hidden\" name=\"_wpcf7_locale\" value=\"fr_FR\" \/>\n<input type=\"hidden\" name=\"_wpcf7_unit_tag\" value=\"wpcf7-f314-o1\" \/>\n<input type=\"hidden\" name=\"_wpcf7_container_post\" value=\"0\" \/>\n<\/div>\n<p><label>nom *<br \/>\n    <span class=\"wpcf7-form-control-wrap your-name\"><input type=\"text\" name=\"your-name\" value=\"\" size=\"40\" class=\"wpcf7-form-control wpcf7-text wpcf7-validates-as-required\" aria-required=\"true\" aria-invalid=\"false\" \/><\/span> <\/label><\/p>\n<p><label>e-mail *<br \/>\n    <span class=\"wpcf7-form-control-wrap your-email\"><input type=\"email\" name=\"your-email\" value=\"\" size=\"40\" class=\"wpcf7-form-control wpcf7-text wpcf7-email wpcf7-validates-as-required wpcf7-validates-as-email\" aria-required=\"true\" aria-invalid=\"false\" \/><\/span> <\/label><\/p>\n<p><label>sujet<br \/>\n    <span class=\"wpcf7-form-control-wrap your-subject\"><input type=\"text\" name=\"your-subject\" value=\"\" size=\"40\" class=\"wpcf7-form-control wpcf7-text\" aria-invalid=\"false\" \/><\/span> <\/label><\/p>\n<p><label>message<br \/>\n    <span class=\"wpcf7-form-control-wrap your-message\"><textarea name=\"your-message\" cols=\"40\" rows=\"10\" class=\"wpcf7-form-control wpcf7-textarea\" aria-invalid=\"false\"><\/textarea><\/span> <\/label><\/p>\n<div class=\"wpcf7-form-control-wrap\"><div data-sitekey=\"6LeFRW4UAAAAAPeSlG_Umssjcm7Zac7PLSA-MGST\" class=\"wpcf7-form-control g-recaptcha wpcf7-recaptcha\"><\/div>\n<noscript>\n\t<div style=\"width: 302px; height: 422px;\">\n\t\t<div style=\"width: 302px; height: 422px; position: relative;\">\n\t\t\t<div style=\"width: 302px; height: 422px; position: absolute;\">\n\t\t\t\t<iframe src=\"https:\/\/www.google.com\/recaptcha\/api\/fallback?k=6LeFRW4UAAAAAPeSlG_Umssjcm7Zac7PLSA-MGST\" frameborder=\"0\" scrolling=\"no\" style=\"width: 302px; height:422px; border-style: none;\">\n\t\t\t\t<\/iframe>\n\t\t\t<\/div>\n\t\t\t<div style=\"width: 300px; height: 60px; border-style: none; bottom: 12px; left: 25px; margin: 0px; padding: 0px; right: 25px; background: #f9f9f9; border: 1px solid #c1c1c1; border-radius: 3px;\">\n\t\t\t\t<textarea id=\"g-recaptcha-response\" name=\"g-recaptcha-response\" class=\"g-recaptcha-response\" style=\"width: 250px; height: 40px; border: 1px solid #c1c1c1; margin: 10px 25px; padding: 0px; resize: none;\">\n\t\t\t\t<\/textarea>\n\t\t\t<\/div>\n\t\t<\/div>\n\t<\/div>\n<\/noscript>\n<\/div>\n<p><input type=\"submit\" value=\"Envoyer\" class=\"wpcf7-form-control wpcf7-submit\" \/><\/p>\n<div class=\"wpcf7-response-output wpcf7-display-none\"><\/div><\/form><\/div>[\/vc_column_inner][vc_column_inner width=&#8221;1\/2&#8243;][vc_empty_space height=&#8221;1px&#8221;][\/vc_column_inner][\/vc_row_inner][\/vc_column][\/vc_row]<\/p>\n","protected":false},"excerpt":{"rendered":"<p>[vc_row background_image=&#8221;5227&#8243; el_class=&#8221;section-bloc-bontoux section-height-auto&#8221;][vc_column][vc_row_inner][vc_column_inner el_class=&#8221;bloc-bontoux formulaire&#8221; width=&#8221;1\/2&#8243;][vc_column_text el_class=&#8221;picto-bontoux&#8221;][\/vc_column_text][vc_column_text]Une \u00e9quipe dynamique au service d&#8217;un m\u00e9tier passionnant. \u00c9crivez-nous ![\/vc_column_text][vc_empty_space height=&#8221;40px&#8221;][\/vc_column_inner][vc_column_inner width=&#8221;1\/2&#8243;][vc_empty_space height=&#8221;1px&#8221;][\/vc_column_inner][\/vc_row_inner][\/vc_column][\/vc_row]<\/p>\n","protected":false},"author":3,"featured_media":0,"parent":0,"menu_order":0,"comment_status":"closed","ping_status":"closed","template":"","meta":[],"_links":{"self":[{"href":"https:\/\/bontoux.com\/site2021\/wp-json\/wp\/v2\/pages\/506"}],"collection":[{"href":"https:\/\/bontoux.com\/site2021\/wp-json\/wp\/v2\/pages"}],"about":[{"href":"https:\/\/bontoux.com\/site2021\/wp-json\/wp\/v2\/types\/page"}],"author":[{"embeddable":true,"href":"https:\/\/bontoux.com\/site2021\/wp-json\/wp\/v2\/users\/3"}],"replies":[{"embeddable":true,"href":"https:\/\/bontoux.com\/site2021\/wp-json\/wp\/v2\/comments?post=506"}],"version-history":[{"count":8,"href":"https:\/\/bontoux.com\/site2021\/wp-json\/wp\/v2\/pages\/506\/revisions"}],"predecessor-version":[{"id":5230,"href":"https:\/\/bontoux.com\/site2021\/wp-json\/wp\/v2\/pages\/506\/revisions\/5230"}],"wp:attachment":[{"href":"https:\/\/bontoux.com\/site2021\/wp-json\/wp\/v2\/media?parent=506"}],"curies":[{"name":"wp","href":"https:\/\/api.w.org\/{rel}","templated":true}]}}