{"id":2862,"date":"2018-03-01T10:55:25","date_gmt":"2018-03-01T09:55:25","guid":{"rendered":"https:\/\/bontoux.com\/site2021\/?page_id=2862"},"modified":"2025-09-25T08:37:12","modified_gmt":"2025-09-25T06:37:12","slug":"demarche-rse","status":"publish","type":"page","link":"https:\/\/bontoux.com\/site2021\/fr\/demarche-rse\/","title":{"rendered":"Notre d\u00e9marche RSE"},"content":{"rendered":"<p>[vc_row content_type=&#8221;full&#8221; padding_top=&#8221;0&#8243; padding_bottom=&#8221;0&#8243; background_image=&#8221;0&#8243; background_position=&#8221;center top&#8221; overlay=&#8221;yes&#8221; overlay_image=&#8221;0&#8243; overlay_opacity=&#8221;10&#8243;][vc_column][rev_slider_vc alias=&#8221;rse-intro&#8221;][\/vc_column][\/vc_row][vc_row padding_top=&#8221;0&#8243; padding_bottom=&#8221;0&#8243; background_image=&#8221;0&#8243; el_class=&#8221;section-height-auto&#8221;][vc_column][vc_raw_html el_class=&#8221;anchor&#8221;]JTNDYSUyMGlkJTNEJTIyb3JpZW50YXRpb25zJTIyJTNFJTNDJTJGYSUzRQ==[\/vc_raw_html][\/vc_column][\/vc_row][vc_row background_color=&#8221;#43367f&#8221; background_image=&#8221;0&#8243; el_class=&#8221;section-height-auto&#8221;][vc_column][vc_row_inner][vc_column_inner width=&#8221;1\/6&#8243;][vc_empty_space height=&#8221;1px&#8221;][\/vc_column_inner][vc_column_inner width=&#8221;2\/3&#8243;]<h3  style='line-height:1;font-weight:400;letter-spacing:0px;text-transform:uppercase;color:#43367f;' class='titre-section textes_blancs fittext text-center clearfix' data-max-font-size='0'>Nos 4 orientations<\/h3>[\/vc_column_inner][vc_column_inner width=&#8221;1\/6&#8243;][vc_empty_space height=&#8221;1px&#8221;][\/vc_column_inner][\/vc_row_inner][vc_row_inner][vc_column_inner el_class=&#8221;colonne_valeurs_RSE&#8221; width=&#8221;1\/4&#8243;][vc_column_text]<img loading=\"lazy\" class=\"aligncenter wp-image-2868\" src=\"https:\/\/bontoux.com\/site2021\/wp-content\/uploads\/2018\/03\/BON_RSE_DEV_DURABLE-300x300.png\" alt=\"\" width=\"110\" height=\"110\" srcset=\"https:\/\/bontoux.com\/site2021\/wp-content\/uploads\/2018\/03\/BON_RSE_DEV_DURABLE-300x300.png 300w, https:\/\/bontoux.com\/site2021\/wp-content\/uploads\/2018\/03\/BON_RSE_DEV_DURABLE-150x150.png 150w, https:\/\/bontoux.com\/site2021\/wp-content\/uploads\/2018\/03\/BON_RSE_DEV_DURABLE-768x768.png 768w, https:\/\/bontoux.com\/site2021\/wp-content\/uploads\/2018\/03\/BON_RSE_DEV_DURABLE-1024x1024.png 1024w, https:\/\/bontoux.com\/site2021\/wp-content\/uploads\/2018\/03\/BON_RSE_DEV_DURABLE-370x370.png 370w, https:\/\/bontoux.com\/site2021\/wp-content\/uploads\/2018\/03\/BON_RSE_DEV_DURABLE-360x360.png 360w, https:\/\/bontoux.com\/site2021\/wp-content\/uploads\/2018\/03\/BON_RSE_DEV_DURABLE-960x960.png 960w, https:\/\/bontoux.com\/site2021\/wp-content\/uploads\/2018\/03\/BON_RSE_DEV_DURABLE-80x80.png 80w, https:\/\/bontoux.com\/site2021\/wp-content\/uploads\/2018\/03\/BON_RSE_DEV_DURABLE.png 1300w\" sizes=\"(max-width: 110px) 100vw, 110px\" \/><\/p>\n<p class=\"titre_valeurs_RSE\" style=\"text-align: center;\">ENVIRONNEMENT<\/p>\n<p class=\"texte_valeurs_RSE\" style=\"text-align: center;\">\u00catre une entreprise engag\u00e9e dans la pr\u00e9servation de l\u2019environnement, des terroirs et des paysages<\/p>\n<p>[\/vc_column_text][vc_empty_space][\/vc_column_inner][vc_column_inner el_class=&#8221;colonne_valeurs_RSE&#8221; width=&#8221;1\/4&#8243;][vc_column_text]<img loading=\"lazy\" class=\"aligncenter wp-image-2868\" src=\"https:\/\/bontoux.com\/site2021\/wp-content\/uploads\/2018\/03\/Bon_RSE_ENVIRONMT.png\" alt=\"\" width=\"110\" height=\"110\" \/><\/p>\n<p class=\"titre_valeurs_RSE\" style=\"text-align: center;\">RESPONSABLE<\/p>\n<p class=\"texte_valeurs_RSE\" style=\"text-align: center;\">S&#8217;approvisionner de mani\u00e8re durable et \u00e9quitable dans le respect des hommes et des \u00e9cosyst\u00e8mes<\/p>\n<p>[\/vc_column_text][vc_empty_space][\/vc_column_inner][vc_column_inner el_class=&#8221;colonne_valeurs_RSE&#8221; width=&#8221;1\/4&#8243;][vc_column_text]<img loading=\"lazy\" class=\"aligncenter wp-image-2868\" src=\"https:\/\/bontoux.com\/site2021\/wp-content\/uploads\/2018\/03\/BON_RSE_LOCALV3.png\" alt=\"\" width=\"110\" height=\"110\" \/><\/p>\n<p class=\"titre_valeurs_RSE\" style=\"text-align: center;\">LOCAL<\/p>\n<p class=\"texte_valeurs_RSE\" style=\"text-align: center;\">\u00catre une entreprise citoyenne engag\u00e9e localement<\/p>\n<p>[\/vc_column_text][vc_empty_space][\/vc_column_inner][vc_column_inner el_class=&#8221;colonne_valeurs_RSE&#8221; width=&#8221;1\/4&#8243;][vc_column_text]<img loading=\"lazy\" class=\"aligncenter wp-image-2868\" src=\"https:\/\/bontoux.com\/site2021\/wp-content\/uploads\/2018\/03\/BON_RSE_RH.png\" alt=\"\" width=\"110\" height=\"110\" \/><\/p>\n<p class=\"titre_valeurs_RSE\" style=\"text-align: center;\">ENSEMBLE<\/p>\n<p class=\"texte_valeurs_RSE\" style=\"text-align: center;\">Construire un mod\u00e8le durable avec nos partenaires, nos collaborateurs, et ensemble faire \u00e9voluer nos engagements<\/p>\n<p>[\/vc_column_text][vc_empty_space][\/vc_column_inner][\/vc_row_inner][\/vc_column][\/vc_row][vc_row padding_top=&#8221;0&#8243; padding_bottom=&#8221;0&#8243; background_image=&#8221;0&#8243; el_class=&#8221;section-height-auto&#8221;][vc_column][vc_raw_html el_class=&#8221;anchor&#8221;]JTNDYSUyMGlkJTNEJTIycHJvamV0cyUyMiUzRSUzQyUyRmElM0U=[\/vc_raw_html][\/vc_column][\/vc_row][vc_row content_type=&#8221;full&#8221; padding_top=&#8221;0&#8243; padding_bottom=&#8221;0&#8243; background_image=&#8221;0&#8243; parallax=&#8221;1&#8243; el_class=&#8221;section-height-auto&#8221;][vc_column][rev_slider_vc alias=&#8221;rse-environnement&#8221;][vc_column_text el_class=&#8221;picto-projet fond-etiquette bloc-slideshow-droite&#8221;]<\/p>\n<h3 class=\"titre-section fittext text-center clearfix\" style=\"line-height: 1; font-weight: 400; letter-spacing: 0px; text-transform: uppercase; color: #43367f; font-size: 19.4167px;\" data-max-font-size=\"0\">Environnement<\/h3>\n<p class=\"texte-projet\" style=\"text-align: center;\"><img loading=\"lazy\" class=\"aligncenter wp-image-2875\" src=\"https:\/\/bontoux.com\/site2021\/wp-content\/uploads\/2018\/03\/BON_valid_violet.png\" alt=\"\" width=\"15\" height=\"15\" srcset=\"https:\/\/bontoux.com\/site2021\/wp-content\/uploads\/2018\/03\/BON_valid_violet.png 85w, https:\/\/bontoux.com\/site2021\/wp-content\/uploads\/2018\/03\/BON_valid_violet-80x80.png 80w\" sizes=\"(max-width: 15px) 100vw, 15px\" \/>Pr\u00e9server les ressources naturelles et s\u2019assurer de leur renouvellement<\/p>\n<p class=\"texte-projet\" style=\"text-align: center;\"><img loading=\"lazy\" class=\"aligncenter wp-image-2875\" src=\"https:\/\/bontoux.com\/site2021\/wp-content\/uploads\/2018\/03\/BON_valid_violet.png\" alt=\"\" width=\"15\" height=\"15\" srcset=\"https:\/\/bontoux.com\/site2021\/wp-content\/uploads\/2018\/03\/BON_valid_violet.png 85w, https:\/\/bontoux.com\/site2021\/wp-content\/uploads\/2018\/03\/BON_valid_violet-80x80.png 80w\" sizes=\"(max-width: 15px) 100vw, 15px\" \/>R\u00e9duire l\u2019empreinte environnementale de nos activit\u00e9s<\/p>\n<p>[\/vc_column_text][\/vc_column][\/vc_row][vc_row content_type=&#8221;full&#8221; padding_top=&#8221;0&#8243; padding_bottom=&#8221;0&#8243; background_image=&#8221;0&#8243; parallax=&#8221;1&#8243; el_class=&#8221;section-height-auto&#8221;][vc_column][rev_slider_vc alias=&#8221;rse-equitable&#8221;][vc_column_text el_class=&#8221;picto-projet fond-etiquette bloc-slideshow-gauche&#8221;]<\/p>\n<h3 class=\"titre-section fittext text-center clearfix\" style=\"line-height: 1; font-weight: 400; letter-spacing: 0px; text-transform: uppercase; color: #43367f; font-size: 19.4167px;\" data-max-font-size=\"0\">RESPONSable<\/h3>\n<p class=\"texte-projet\" style=\"text-align: center;\"><img loading=\"lazy\" class=\"aligncenter wp-image-2875\" src=\"https:\/\/bontoux.com\/site2021\/wp-content\/uploads\/2018\/03\/BON_valid_violet.png\" alt=\"\" width=\"15\" height=\"15\" srcset=\"https:\/\/bontoux.com\/site2021\/wp-content\/uploads\/2018\/03\/BON_valid_violet.png 85w, https:\/\/bontoux.com\/site2021\/wp-content\/uploads\/2018\/03\/BON_valid_violet-80x80.png 80w\" sizes=\"(max-width: 15px) 100vw, 15px\" \/>Comprendre, partager et poursuivre l\u2019approfondissement de nos relations avec les producteurs.<\/p>\n<p class=\"texte-projet\" style=\"text-align: center;\"><img loading=\"lazy\" class=\"aligncenter wp-image-2875\" src=\"https:\/\/bontoux.com\/site2021\/wp-content\/uploads\/2018\/03\/BON_valid_violet.png\" alt=\"\" width=\"15\" height=\"15\" srcset=\"https:\/\/bontoux.com\/site2021\/wp-content\/uploads\/2018\/03\/BON_valid_violet.png 85w, https:\/\/bontoux.com\/site2021\/wp-content\/uploads\/2018\/03\/BON_valid_violet-80x80.png 80w\" sizes=\"(max-width: 15px) 100vw, 15px\" \/>Accompagner les producteurs au quotidien\u00a0; vari\u00e9t\u00e9s, m\u00e9thodes de cultures et de r\u00e9coltes.<\/p>\n<p class=\"texte-projet\" style=\"text-align: center;\"><img loading=\"lazy\" class=\"aligncenter wp-image-2875\" src=\"https:\/\/bontoux.com\/site2021\/wp-content\/uploads\/2018\/03\/BON_valid_violet.png\" alt=\"\" width=\"15\" height=\"15\" srcset=\"https:\/\/bontoux.com\/site2021\/wp-content\/uploads\/2018\/03\/BON_valid_violet.png 85w, https:\/\/bontoux.com\/site2021\/wp-content\/uploads\/2018\/03\/BON_valid_violet-80x80.png 80w\" sizes=\"(max-width: 15px) 100vw, 15px\" \/>Mettre en place un sourcing durable pour l\u2019approvisionnement des mati\u00e8res premi\u00e8res, qui pr\u00e9serve l\u2019\u00e9cosyst\u00e8me, la qualit\u00e9 et le renouvellement des mati\u00e8res premi\u00e8res, l\u2019\u00e9quilibre socio-\u00e9conomique des terroirs.<\/p>\n<p>[\/vc_column_text][\/vc_column][\/vc_row][vc_row content_type=&#8221;full&#8221; padding_top=&#8221;0&#8243; padding_bottom=&#8221;0&#8243; background_image=&#8221;0&#8243; parallax=&#8221;1&#8243; el_class=&#8221;section-height-auto&#8221;][vc_column][rev_slider_vc alias=&#8221;rse-local&#8221;][vc_column_text el_class=&#8221;picto-projet fond-etiquette bloc-slideshow-droite&#8221;]<\/p>\n<h3 class=\"titre-section fittext text-center clearfix\" style=\"line-height: 1; font-weight: 400; letter-spacing: 0px; text-transform: uppercase; color: #43367f; font-size: 19.4167px;\" data-max-font-size=\"0\">Engagement Local<\/h3>\n<p class=\"texte-projet\" style=\"text-align: center;\"><img loading=\"lazy\" class=\"aligncenter wp-image-2875\" src=\"https:\/\/bontoux.com\/site2021\/wp-content\/uploads\/2018\/03\/BON_valid_violet.png\" alt=\"\" width=\"15\" height=\"15\" srcset=\"https:\/\/bontoux.com\/site2021\/wp-content\/uploads\/2018\/03\/BON_valid_violet.png 85w, https:\/\/bontoux.com\/site2021\/wp-content\/uploads\/2018\/03\/BON_valid_violet-80x80.png 80w\" sizes=\"(max-width: 15px) 100vw, 15px\" \/>\u00catre une entreprise citoyenne engag\u00e9e<\/p>\n<p class=\"texte-projet\" style=\"text-align: center;\"><img loading=\"lazy\" class=\"aligncenter wp-image-2875\" src=\"https:\/\/bontoux.com\/site2021\/wp-content\/uploads\/2018\/03\/BON_valid_violet.png\" alt=\"\" width=\"15\" height=\"15\" srcset=\"https:\/\/bontoux.com\/site2021\/wp-content\/uploads\/2018\/03\/BON_valid_violet.png 85w, https:\/\/bontoux.com\/site2021\/wp-content\/uploads\/2018\/03\/BON_valid_violet-80x80.png 80w\" sizes=\"(max-width: 15px) 100vw, 15px\" \/>Soutenir les initiatives locales du bien vivre ensemble en milieu rural que ce soit dans la vall\u00e9e de la Haute Ouv\u00e8ze et \u00e0 Madagascar.<\/p>\n<p>[\/vc_column_text][\/vc_column][\/vc_row][vc_row content_type=&#8221;full&#8221; padding_top=&#8221;0&#8243; padding_bottom=&#8221;0&#8243; background_image=&#8221;0&#8243; parallax=&#8221;1&#8243; el_class=&#8221;section-height-auto&#8221;][vc_column][rev_slider_vc alias=&#8221;rse-ensemble&#8221;][vc_column_text el_class=&#8221;picto-projet fond-etiquette bloc-slideshow-gauche&#8221;]<\/p>\n<h3 class=\"titre-section fittext text-center clearfix\" style=\"line-height: 1; font-weight: 400; letter-spacing: 0px; text-transform: uppercase; color: #43367f; font-size: 19.4167px;\" data-max-font-size=\"0\">Ensemble<\/h3>\n<p class=\"texte-projet\" style=\"text-align: center;\"><img loading=\"lazy\" class=\"aligncenter wp-image-2875\" src=\"https:\/\/bontoux.com\/site2021\/wp-content\/uploads\/2018\/03\/BON_valid_violet.png\" alt=\"\" width=\"15\" height=\"15\" srcset=\"https:\/\/bontoux.com\/site2021\/wp-content\/uploads\/2018\/03\/BON_valid_violet.png 85w, https:\/\/bontoux.com\/site2021\/wp-content\/uploads\/2018\/03\/BON_valid_violet-80x80.png 80w\" sizes=\"(max-width: 15px) 100vw, 15px\" \/>Cr\u00e9er un environnement propice au d\u00e9veloppement des talents, \u00e0 la cr\u00e9ativit\u00e9, \u00e0 l\u2019innovation en cultivant nos valeurs de transmission de savoir-faire et la compr\u00e9hension de notre h\u00e9ritage.<\/p>\n<p class=\"texte-projet\" style=\"text-align: center;\"><img loading=\"lazy\" class=\"aligncenter wp-image-2875\" src=\"https:\/\/bontoux.com\/site2021\/wp-content\/uploads\/2018\/03\/BON_valid_violet.png\" alt=\"\" width=\"15\" height=\"15\" srcset=\"https:\/\/bontoux.com\/site2021\/wp-content\/uploads\/2018\/03\/BON_valid_violet.png 85w, https:\/\/bontoux.com\/site2021\/wp-content\/uploads\/2018\/03\/BON_valid_violet-80x80.png 80w\" sizes=\"(max-width: 15px) 100vw, 15px\" \/>Mettre en place des partenariats innovants avec nos partenaires.<\/p>\n<p class=\"texte-projet\" style=\"text-align: center;\"><img loading=\"lazy\" class=\"aligncenter wp-image-2875\" src=\"https:\/\/bontoux.com\/site2021\/wp-content\/uploads\/2018\/03\/BON_valid_violet.png\" alt=\"\" width=\"15\" height=\"15\" srcset=\"https:\/\/bontoux.com\/site2021\/wp-content\/uploads\/2018\/03\/BON_valid_violet.png 85w, https:\/\/bontoux.com\/site2021\/wp-content\/uploads\/2018\/03\/BON_valid_violet-80x80.png 80w\" sizes=\"(max-width: 15px) 100vw, 15px\" \/>Ensemble partager et enrichir les id\u00e9es et plans d\u2019action pour encourager et favoriser la contribution de chacun.<\/p>\n<p>[\/vc_column_text][\/vc_column][\/vc_row][vc_row padding_top=&#8221;0&#8243; padding_bottom=&#8221;0&#8243; background_image=&#8221;0&#8243; el_class=&#8221;section-height-auto&#8221;][vc_column][vc_raw_html el_class=&#8221;anchor&#8221;]JTNDYSUyMGlkJTNEJTIycGFjdGUlMjIlM0UlM0MlMkZhJTNF[\/vc_raw_html][\/vc_column][\/vc_row][vc_row background_image=&#8221;5501&#8243; background_position=&#8221;center bottom&#8221; el_class=&#8221;section-citation&#8221;][vc_column][vc_empty_space height=&#8221;40px&#8221;]<div class='wolf-single-image text-center hover-none default'><span class='image-item'><img src='https:\/\/bontoux.com\/site2021\/wp-content\/uploads\/2017\/01\/bon_macarons_bontoux_sengage-300x300.png' alt=''  style='max-width:140px !important;' class=''><\/span><\/div><h4  style='line-height:1;font-weight:0;letter-spacing:0px;text-transform:none;' class='texte-bontoux taille3 fittext text-center clearfix' data-max-font-size='0'>Nous soutenons le pacte mondial<\/h4><span class='button-container'><a  class='bouton-section blanc wolf-button medium square icon_after border-button-accent-hover' href='https:\/\/www.calameo.com\/subscriptions\/7340951' target='_blank'>En savoir plus<\/a><\/span>[\/vc_column][\/vc_row]<\/p>\n","protected":false},"excerpt":{"rendered":"<p>[vc_row content_type=&#8221;full&#8221; padding_top=&#8221;0&#8243; padding_bottom=&#8221;0&#8243; background_image=&#8221;0&#8243; background_position=&#8221;center top&#8221; overlay=&#8221;yes&#8221; overlay_image=&#8221;0&#8243; overlay_opacity=&#8221;10&#8243;][vc_column][rev_slider_vc alias=&#8221;rse-intro&#8221;][\/vc_column][\/vc_row][vc_row padding_top=&#8221;0&#8243; padding_bottom=&#8221;0&#8243; background_image=&#8221;0&#8243; el_class=&#8221;section-height-auto&#8221;][vc_column][vc_raw_html el_class=&#8221;anchor&#8221;]JTNDYSUyMGlkJTNEJTIyb3JpZW50YXRpb25zJTIyJTNFJTNDJTJGYSUzRQ==[\/vc_raw_html][\/vc_column][\/vc_row][vc_row background_color=&#8221;#43367f&#8221; background_image=&#8221;0&#8243; el_class=&#8221;section-height-auto&#8221;][vc_column][vc_row_inner][vc_column_inner width=&#8221;1\/6&#8243;][vc_empty_space height=&#8221;1px&#8221;][\/vc_column_inner][vc_column_inner width=&#8221;2\/3&#8243;][\/vc_column_inner][vc_column_inner width=&#8221;1\/6&#8243;][vc_empty_space height=&#8221;1px&#8221;][\/vc_column_inner][\/vc_row_inner][vc_row_inner][vc_column_inner el_class=&#8221;colonne_valeurs_RSE&#8221; width=&#8221;1\/4&#8243;][vc_column_text] ENVIRONNEMENT \u00catre une entreprise&#8230;<\/p>\n<p><a rel=\"bookmark\" class=\"more-link wolf-button border-button-accent-hover\" href=\"https:\/\/bontoux.com\/site2021\/fr\/demarche-rse\/\">Continuer la lecture \u2192<\/a><\/p>\n","protected":false},"author":1,"featured_media":0,"parent":0,"menu_order":0,"comment_status":"closed","ping_status":"closed","template":"","meta":[],"_links":{"self":[{"href":"https:\/\/bontoux.com\/site2021\/wp-json\/wp\/v2\/pages\/2862"}],"collection":[{"href":"https:\/\/bontoux.com\/site2021\/wp-json\/wp\/v2\/pages"}],"about":[{"href":"https:\/\/bontoux.com\/site2021\/wp-json\/wp\/v2\/types\/page"}],"author":[{"embeddable":true,"href":"https:\/\/bontoux.com\/site2021\/wp-json\/wp\/v2\/users\/1"}],"replies":[{"embeddable":true,"href":"https:\/\/bontoux.com\/site2021\/wp-json\/wp\/v2\/comments?post=2862"}],"version-history":[{"count":104,"href":"https:\/\/bontoux.com\/site2021\/wp-json\/wp\/v2\/pages\/2862\/revisions"}],"predecessor-version":[{"id":7148,"href":"https:\/\/bontoux.com\/site2021\/wp-json\/wp\/v2\/pages\/2862\/revisions\/7148"}],"wp:attachment":[{"href":"https:\/\/bontoux.com\/site2021\/wp-json\/wp\/v2\/media?parent=2862"}],"curies":[{"name":"wp","href":"https:\/\/api.w.org\/{rel}","templated":true}]}}